{"id":15102,"date":"2023-10-15T18:37:53","date_gmt":"2023-10-15T18:37:53","guid":{"rendered":"https:\/\/beurswand.nl\/product\/beursstand-design-112\/"},"modified":"2025-04-29T07:44:42","modified_gmt":"2025-04-29T07:44:42","slug":"stand-dexposition-design-112","status":"publish","type":"product","link":"https:\/\/beurswand2026.webdeveloperz.nl\/fr\/product\/stand-dexposition-design-112\/","title":{"rendered":"Stand d&rsquo;exposition Design 112"},"content":{"rendered":"<p><strong>Stand d&rsquo;exposition exclusif 112 - Votre marque, notre passion !<\/strong>  <\/p>\n<p>Entrez dans l&rsquo;avenir des Exposici\u00f3ns avec notre Stand d&rsquo;exposition 112 \u00e0 la pointe de la technologie. Avec une surface g\u00e9n\u00e9reuse de plus de 12 m2, ce stand interm\u00e9diaire offre un \u00e9quilibre parfait entre fonctionnalit\u00e9 et design, ce qui ne manquera pas d&rsquo;attirer l&rsquo;attention.<\/p>\n<p><strong>Faits marquants :<\/strong><\/p>\n<ul>\n<li><strong>Excellence spatiale :<\/strong> profitez d&rsquo;un espace g\u00e9n\u00e9reux pour l&rsquo;interaction et la pr\u00e9sentation.<\/li>\n<li><strong>Bureau personnalis\u00e9 :<\/strong> design professionnel avec votre r\u00e9ception bien en \u00e9vidence.<\/li>\n<li><strong>Garde-manger int\u00e9gr\u00e9 :<\/strong> pour un service sans faille sur le stand, y compris un espace de stockage et des installations de restauration.<\/li>\n<\/ul>\n<p>Mais ce n&rsquo;est pas tout ! Nous comprenons que chaque marque est unique. Cet exemple de mod\u00e8le peut \u00eatre enti\u00e8rement personnalis\u00e9 pour r\u00e9pondre \u00e0 votre identit\u00e9 visuelle et \u00e0 vos besoins pratiques.<\/p>\n<p>  Ne manquez pas cette opportunit\u00e9 et demandez plus d&rsquo;informations d\u00e8s aujourd&rsquo;hui via notre formulaire de contact ci-dessous. Notre \u00e9quipe d\u00e9vou\u00e9e est pr\u00eate \u00e0 concevoir un stand d&rsquo;exposition qui fera briller votre marque comme jamais auparavant ! \u2728<\/p>\n","protected":false},"excerpt":{"rendered":"<p>Stand d&rsquo;exposition exclusif 112 - Votre marque, notre passion ! Entrez dans l&rsquo;avenir des Exposici\u00f3ns avec notre Stand d&rsquo;exposition 112 \u00e0 la pointe de la technologie. Avec une surface g\u00e9n\u00e9reuse de plus de 12 m2, ce stand interm\u00e9diaire offre un \u00e9quilibre parfait entre fonctionnalit\u00e9 et design, ce qui ne manquera pas d&rsquo;attirer l&rsquo;attention. Faits marquants [&hellip;]<\/p>\n","protected":false},"featured_media":12621,"comment_status":"closed","ping_status":"open","template":"","meta":{"_acf_changed":false,"site-sidebar-layout":"default","site-content-layout":"","ast-site-content-layout":"default","site-content-style":"default","site-sidebar-style":"default","ast-global-header-display":"","ast-banner-title-visibility":"","ast-main-header-display":"","ast-hfb-above-header-display":"","ast-hfb-below-header-display":"","ast-hfb-mobile-header-display":"","site-post-title":"","ast-breadcrumbs-content":"","ast-featured-img":"","footer-sml-layout":"","ast-disable-related-posts":"","theme-transparent-header-meta":"","adv-header-id-meta":"","stick-header-meta":"","header-above-stick-meta":"","header-main-stick-meta":"","header-below-stick-meta":"","astra-migrate-meta-layouts":"default","ast-page-background-enabled":"default","ast-page-background-meta":{"desktop":{"background-color":"","background-image":"","background-repeat":"repeat","background-position":"center center","background-size":"auto","background-attachment":"scroll","background-type":"","background-media":"","overlay-type":"","overlay-color":"","overlay-opacity":"","overlay-gradient":""},"tablet":{"background-color":"","background-image":"","background-repeat":"repeat","background-position":"center center","background-size":"auto","background-attachment":"scroll","background-type":"","background-media":"","overlay-type":"","overlay-color":"","overlay-opacity":"","overlay-gradient":""},"mobile":{"background-color":"","background-image":"","background-repeat":"repeat","background-position":"center center","background-size":"auto","background-attachment":"scroll","background-type":"","background-media":"","overlay-type":"","overlay-color":"","overlay-opacity":"","overlay-gradient":""}},"ast-content-background-meta":{"desktop":{"background-color":"var(--ast-global-color-5)","background-image":"","background-repeat":"repeat","background-position":"center center","background-size":"auto","background-attachment":"scroll","background-type":"","background-media":"","overlay-type":"","overlay-color":"","overlay-opacity":"","overlay-gradient":""},"tablet":{"background-color":"var(--ast-global-color-5)","background-image":"","background-repeat":"repeat","background-position":"center center","background-size":"auto","background-attachment":"scroll","background-type":"","background-media":"","overlay-type":"","overlay-color":"","overlay-opacity":"","overlay-gradient":""},"mobile":{"background-color":"var(--ast-global-color-5)","background-image":"","background-repeat":"repeat","background-position":"center center","background-size":"auto","background-attachment":"scroll","background-type":"","background-media":"","overlay-type":"","overlay-color":"","overlay-opacity":"","overlay-gradient":""}}},"breedte":[],"design-oppervlakte":[385],"design-opstelling":[438],"design-optie":[397,398],"diepte":[],"oppervlakte":[],"opstelling":[],"optie":[],"pijler":[],"product_brand":[],"product_cat":[393,399,439,388,400,390,391,389],"product_tag":[],"class_list":{"0":"post-15102","1":"product","2":"type-product","3":"status-publish","4":"has-post-thumbnail","6":"design-oppervlakte-1-24-m2-fr","7":"design-opstelling-stand-intermediaire","8":"design-optie-bureau","9":"design-optie-garde-manger","10":"product_cat-1-24-m2-fr","11":"product_cat-bureau","12":"product_cat-classement","13":"product_cat-conception","14":"product_cat-garde-manger","15":"product_cat-options-fr","16":"product_cat-stand-dexposition-type","17":"product_cat-surface-fr","18":"desktop-align-left","19":"tablet-align-left","20":"mobile-align-left","22":"first","23":"instock","24":"shipping-taxable","25":"product-type-simple"},"acf":[],"_links":{"self":[{"href":"https:\/\/beurswand2026.webdeveloperz.nl\/fr\/wp-json\/wp\/v2\/product\/15102","targetHints":{"allow":["GET"]}}],"collection":[{"href":"https:\/\/beurswand2026.webdeveloperz.nl\/fr\/wp-json\/wp\/v2\/product"}],"about":[{"href":"https:\/\/beurswand2026.webdeveloperz.nl\/fr\/wp-json\/wp\/v2\/types\/product"}],"replies":[{"embeddable":true,"href":"https:\/\/beurswand2026.webdeveloperz.nl\/fr\/wp-json\/wp\/v2\/comments?post=15102"}],"version-history":[{"count":1,"href":"https:\/\/beurswand2026.webdeveloperz.nl\/fr\/wp-json\/wp\/v2\/product\/15102\/revisions"}],"predecessor-version":[{"id":18651,"href":"https:\/\/beurswand2026.webdeveloperz.nl\/fr\/wp-json\/wp\/v2\/product\/15102\/revisions\/18651"}],"wp:featuredmedia":[{"embeddable":true,"href":"https:\/\/beurswand2026.webdeveloperz.nl\/fr\/wp-json\/wp\/v2\/media\/12621"}],"wp:attachment":[{"href":"https:\/\/beurswand2026.webdeveloperz.nl\/fr\/wp-json\/wp\/v2\/media?parent=15102"}],"wp:term":[{"taxonomy":"breedte","embeddable":true,"href":"https:\/\/beurswand2026.webdeveloperz.nl\/fr\/wp-json\/wp\/v2\/breedte?post=15102"},{"taxonomy":"design-oppervlakte","embeddable":true,"href":"https:\/\/beurswand2026.webdeveloperz.nl\/fr\/wp-json\/wp\/v2\/design-oppervlakte?post=15102"},{"taxonomy":"design-opstelling","embeddable":true,"href":"https:\/\/beurswand2026.webdeveloperz.nl\/fr\/wp-json\/wp\/v2\/design-opstelling?post=15102"},{"taxonomy":"design-optie","embeddable":true,"href":"https:\/\/beurswand2026.webdeveloperz.nl\/fr\/wp-json\/wp\/v2\/design-optie?post=15102"},{"taxonomy":"diepte","embeddable":true,"href":"https:\/\/beurswand2026.webdeveloperz.nl\/fr\/wp-json\/wp\/v2\/diepte?post=15102"},{"taxonomy":"oppervlakte","embeddable":true,"href":"https:\/\/beurswand2026.webdeveloperz.nl\/fr\/wp-json\/wp\/v2\/oppervlakte?post=15102"},{"taxonomy":"opstelling","embeddable":true,"href":"https:\/\/beurswand2026.webdeveloperz.nl\/fr\/wp-json\/wp\/v2\/opstelling?post=15102"},{"taxonomy":"optie","embeddable":true,"href":"https:\/\/beurswand2026.webdeveloperz.nl\/fr\/wp-json\/wp\/v2\/optie?post=15102"},{"taxonomy":"pijler","embeddable":true,"href":"https:\/\/beurswand2026.webdeveloperz.nl\/fr\/wp-json\/wp\/v2\/pijler?post=15102"},{"taxonomy":"product_brand","embeddable":true,"href":"https:\/\/beurswand2026.webdeveloperz.nl\/fr\/wp-json\/wp\/v2\/product_brand?post=15102"},{"taxonomy":"product_cat","embeddable":true,"href":"https:\/\/beurswand2026.webdeveloperz.nl\/fr\/wp-json\/wp\/v2\/product_cat?post=15102"},{"taxonomy":"product_tag","embeddable":true,"href":"https:\/\/beurswand2026.webdeveloperz.nl\/fr\/wp-json\/wp\/v2\/product_tag?post=15102"}],"curies":[{"name":"wp","href":"https:\/\/api.w.org\/{rel}","templated":true}]}}

<p><strong>Stand d&rsquo;exposition exclusif 112 - Votre marque, notre passion !</strong>  </p>
<p>Entrez dans l&rsquo;avenir des Exposicións avec notre Stand d&rsquo;exposition 112 à la pointe de la technologie. Avec une surface généreuse de plus de 12 m2, ce stand intermédiaire offre un équilibre parfait entre fonctionnalité et design, ce qui ne manquera pas d&rsquo;attirer l&rsquo;attention.</p>
<p><strong>Faits marquants :</strong></p>
<ul>
<li><strong>Excellence spatiale :</strong> profitez d&rsquo;un espace généreux pour l&rsquo;interaction et la présentation.</li>
<li><strong>Bureau personnalisé :</strong> design professionnel avec votre réception bien en évidence.</li>
<li><strong>Garde-manger intégré :</strong> pour un service sans faille sur le stand, y compris un espace de stockage et des installations de restauration.</li>
</ul>
<p>Mais ce n&rsquo;est pas tout ! Nous comprenons que chaque marque est unique. Cet exemple de modèle peut être entièrement personnalisé pour répondre à votre identité visuelle et à vos besoins pratiques.</p>
<p>  Ne manquez pas cette opportunité et demandez plus d&rsquo;informations dès aujourd&rsquo;hui via notre formulaire de contact ci-dessous. Notre équipe dévouée est prête à concevoir un stand d&rsquo;exposition qui fera briller votre marque comme jamais auparavant ! ✨</p>

<p>Stand d&rsquo;exposition exclusif 112 - Votre marque, notre passion ! Entrez dans l&rsquo;avenir des Exposicións avec notre Stand d&rsquo;exposition 112 à la pointe de la technologie. Avec une surface généreuse de plus de 12 m2, ce stand intermédiaire offre un équilibre parfait entre fonctionnalité et design, ce qui ne manquera pas d&rsquo;attirer l&rsquo;attention. Faits marquants [&hellip;]</p>
